tors of 25896?
2, 3, 13, 83
List the prime factors of 8076.
2, 3, 673
What are the prime factors of 6933?
3, 2311
List the prime factors of 3615.
3, 5, 241
List the prime factors of 45115.
5, 7, 1289
What are the prime factors of 25774?
2, 7, 263
What are the prime factors of 41727?
3, 7, 1987
What are the prime factors of 134?
2, 67
What are the prime factors of 24995?
5, 4999
List the prime factors of 1034.
2, 11, 47
What are the prime factors of 52739?
23, 2293
What are the prime factors of 49266?
2, 3, 7, 17, 23
List the prime factors of 10363.
43, 241
What are the prime factors of 2483?
13, 191
What are the prime factors of 2952?
2, 3, 41
What are the prime factors of 27011?
27011
What are the prime factors of 2020?
2, 5, 101
What are the prime factors of 2628?
2, 3, 73
What are the prime factors of 2070?
2, 3, 5, 23
List the prime factors of 27.
3
List the prime factors of 2126.
2, 1063
List the prime factors of 2466.
2, 3, 137
What are the prime factors of 19459?
11, 29, 61
What are the prime factors of 28459?
149, 191
What are the prime factors of 32483?
11, 2953
List the prime factors of 711.
3, 79
List the prime factors of 3058.
2, 11, 139
What are the prime factors of 12736?
2, 199
List the prime factors of 2697.
3, 29, 31
What are the prime factors of 28427?
7, 31, 131
What are the prime factors of 8141?
7, 1163
What are the prime factors of 3124?
2, 11, 71
What are the prime factors of 9108?
2, 3, 11, 23
List the prime factors of 1557.
3, 173
What are the prime factors of 387?
3, 43
List the prime factors of 4121.
13, 317
List the prime factors of 5708.
2, 1427
List the prime factors of 21725.
5, 11, 79
List the prime factors of 362.
2, 181
What are the prime factors of 806?
2, 13, 31
List the prime factors of 1295.
5, 7, 37
What are the prime factors of 1821?
3, 607
List the prime factors of 1708.
2, 7, 61
List the prime factors of 625.
5
List the prime factors of 20153.
7, 2879
List the prime factors of 25731.
3, 953
What are the prime factors of 2905?
5, 7, 83
What are the prime factors of 9487?
53, 179
What are the prime factors of 2156?
2, 7, 11
What are the prime factors of 785?
5, 157
List the prime factors of 17172.
2, 3, 53
What are the prime factors of 2719?
2719
What are the prime factors of 10279?
19, 541
What are the prime factors of 3114?
2, 3, 173
List the prime factors of 1004.
2, 251
What are the prime factors of 1412?
2, 353
What are the prime factors of 836?
2, 11, 19
List the prime factors of 25660.
2, 5, 1283
List the prime factors of 34367.
34367
What are the prime factors of 1020?
2, 3, 5, 17
List the prime factors of 1072.
2, 67
What are the prime factors of 210?
2, 3, 5, 7
List the prime factors of 696.
2, 3, 29
What are the prime factors of 103103?
7, 11, 13, 103
What are the prime factors of 61387?
17, 23, 157
What are the prime factors of 90790?
2, 5, 7, 1297
List the prime factors of 2551.
2551
List the prime factors of 22637.
22637
List the prime factors of 25730.
2, 5, 31, 83
What are the prime factors of 1080?
2, 3, 5
List the prime factors of 185.
5, 37
List the prime factors of 29613.
3, 9871
List the prime factors of 43355.
5, 13, 23, 29
List the prime factors of 2087.
2087
List the prime factors of 870.
2, 3, 5, 29
List the prime factors of 16123.
23, 701
List the prime factors of 52444.
2, 7, 1873
What are the prime factors of 12?
2, 3
List the prime factors of 5278.
2, 7, 13, 29
List the prime factors of 11032.
2, 7, 197
What are the prime factors of 1099?
7, 157
List the prime factors of 777.
3, 7, 37
List the prime factors of 2378.
2, 29, 41
What are the prime factors of 7956?
2, 3, 13, 17
List the prime factors of 3034.
2, 37, 41
What are the prime factors of 47275?
5, 31, 61
List the prime factors of 17857.
7, 2551
What are the prime factors of 5148?
2, 3, 11, 13
What are the prime factors of 43119?
3, 1597
List the prime factors of 356.
2, 89
List the prime factors of 3559.
3559
What are the prime factors of 28616?
2, 7, 73
What are the prime factors of 51386?
2, 25693
List the prime factors of 11.
11
What are the prime factors of 596?
2, 149
What are the prime factors of 46097?
31, 1487
List the prime factors of 1700.
2, 5, 17
List the prime factors of 74383.
74383
What are the prime factors of 14658?
2, 3, 7, 349
List the prime factors of 1648.
2, 103
What are the prime factors of 47723?
13, 3671
What are the prime factors of 3021?
3, 19, 53
List the prime factors of 11179.
7, 1597
List the prime factors of 629.
17, 37
What are the prime factors of 53381?
53381
List the prime factors of 860.
2, 5, 43
List the prime factors of 137395.
5, 27479
What are the prime factors of 258?
2, 3, 43
What are the prime factors of 50544?
2, 3, 13
What are the prime factors of 10908?
2, 3, 101
List the prime factors of 11453.
13, 881
List the prime factors of 14979.
3, 4993
What are the prime factors of 24462?
2, 3, 151
What are the prime factors of 263?
263
List the prime factors of 498.
2, 3, 83
What are the prime factors of 9794?
2, 59, 83
List the prime factors of 7204.
2, 1801
What are the prime factors of 852?
2, 3, 71
List the prime factors of 71274.
2, 3, 7, 1697
What are the prime factors of 8708?
2, 7, 311
List the prime factors of 16570.
2, 5, 1657
List the prime factors of 273.
3, 7, 13
List the prime factors of 62824.
2, 7853
List the prime factors of 1145.
5, 229
List the prime factors of 10496.
2, 41
What are the prime factors of 59978?
2, 29989
What are the prime factors of 1726?
2, 863
What are the prime factors of 7825?
5, 313
List the prime factors of 29912.
2, 3739
What are the prime factors of 1410?
2, 3, 5, 47
What are the prime factors of 13000?
2, 5, 13
What are the prime factors of 157050?
2, 3, 5, 349
List the prime factors of 1698.
2, 3, 283
What are the prime factors of 1358?
2, 7, 97
What are the prime factors of 933?
3, 311
List the prime factors of 34520.
2, 5, 863
List the prime factors of 40793.
19, 113
List the prime factors of 652.
2, 163
What are the prime factors of 42480?
2, 3, 5, 59
What are the prime factors of 33475?
5, 13, 103
List the prime factors of 379.
379
List the prime factors of 954.
2, 3, 53
List the prime factors of 187.
11, 17
What are the prime factors of 5167?
5167
What are the prime factors of 49842?
2, 3, 13, 71
List the prime factors of 8882.
2, 4441
What are the prime factors of 16847?
17, 991
List the prime factors of 139705.
5, 27941
List the prime factors of 5178.
2, 3, 863
List the prime factors of 58999.
41, 1439
What are the prime factors of 8658?
2, 3, 13, 37
What are the prime factors of 6449?
6449
What are the prime factors of 2980?
2, 5, 149
List the prime factors of 15332.
2, 3833
List the prime factors of 11130.
2, 3, 5, 7, 53
What are the prime factors of 36731?
23, 1597
What are the prime factors of 323?
17, 19
What are the prime factors of 3608?
2, 11, 41
List the prime factors of 28235.
5, 5647
What are the prime factors of 821?
821
List the prime factors of 79184.
2, 7, 101
List the prime factors of 6048.
2, 3, 7
List the prime factors of 3645.
3, 5
What are the prime factors of 1001?
7, 11, 13
What are the prime factors of 5046?
2, 3, 29
List the prime factors of 57694.
2, 7, 13, 317
What are the prime factors of 18864?
2, 3, 131
What are the prime factors of 4049?
4049
List the prime factors of 1080.
2, 3, 5
What are the prime factors of 837?
3, 31
What are the prime factors of 27340?
2, 5, 1367
List the prime factors of 14858.
2, 17, 19, 23
List the prime factors of 11854.
2, 5927
List the prime factors of 61972.
2, 15493
What are the prime factors of 27153?
3, 7, 431
What are the prime factors of 11422?
2, 5711
What are the prime factors of 30823?
13, 2371
What are the prime factors of 1841?
7, 263
What are the prime factors of 315?
3, 5, 7
What are the prime factors of 13800?
2, 3, 5, 23
What are the prime factors of 945?
3, 5, 7
What are the prime factors of 7125?
3, 5, 19
What are the prime factors of 13402?
2, 6701
What are the prime factors of 9736?
2, 1217
List the prime factors of 20060.
2, 5, 17, 59
List the prime factors of 877.
877
List the prime factors of 44465.
5, 8893
What are the prime factors of 234?
2, 3, 13
List the prime factors of 42183.
3, 43, 109
What are the prime factors of 8330?
2, 5, 7, 17
List